{"id":68,"date":"2025-10-02T03:14:16","date_gmt":"2025-10-02T03:14:16","guid":{"rendered":"https:\/\/faete.net\/repositorio\/?page_id=68"},"modified":"2025-10-02T03:22:23","modified_gmt":"2025-10-02T03:22:23","slug":"68-2","status":"publish","type":"page","link":"https:\/\/faete.net\/repositorio\/","title":{"rendered":""},"content":{"rendered":"\n<h3 class=\"wp-block-heading\">Reposit\u00f3rio Institucional FAETE<\/h3>\n\n\n\n<p class=\"wp-block-paragraph\">O Acervo Acad\u00eamico da FAETE foi criado com o prop\u00f3sito de preservar, organizar e disponibilizar a produ\u00e7\u00e3o intelectual da comunidade acad\u00eamica da institui\u00e7\u00e3o. Aqui, reunimos trabalhos de conclus\u00e3o de curso, artigos cient\u00edficos, projetos de pesquisa, materiais de apoio e outras produ\u00e7\u00f5es relevantes desenvolvidas por estudantes, docentes e pesquisadores.<\/p>\n\n\n\n<p class=\"wp-block-paragraph\">Nosso objetivo \u00e9 valorizar o conhecimento produzido na faculdade, promover o acesso \u00e0 informa\u00e7\u00e3o de qualidade e incentivar a pesquisa e a inova\u00e7\u00e3o. O acervo funciona como uma base de consulta para estudantes, professores e demais interessados que desejam aprofundar seus estudos ou conhecer as experi\u00eancias e resultados desenvolvidos no \u00e2mbito acad\u00eamico da FAETE.<\/p>\n\n\n\n<p class=\"wp-block-paragraph\">A plataforma foi estruturada para facilitar a navega\u00e7\u00e3o, permitindo buscas r\u00e1pidas por curso, autor, ano ou \u00e1rea tem\u00e1tica. Al\u00e9m disso, contribui para a transpar\u00eancia institucional e para a constru\u00e7\u00e3o da mem\u00f3ria acad\u00eamica da faculdade.<\/p>\n\n\n\n<p class=\"wp-block-paragraph\">Seja bem-vindo(a) ao Acervo Acad\u00eamico FAETE \u2014 um espa\u00e7o de conhecimento, compartilhamento e inspira\u00e7\u00e3o.<\/p>\n\n\n\n<h2 class=\"wp-block-heading\"><\/h2>\n\n\n\n<div class=\"wp-block-query alignwide is-layout-flow wp-block-query-is-layout-flow\"><ul class=\"wp-block-post-template is-layout-flow wp-block-post-template-is-layout-flow\"><li class=\"wp-block-post post-6 tainacan-collection type-tainacan-collection status-publish has-post-thumbnail hentry\">\n\n<div class=\"wp-block-columns is-layout-flex wp-container-core-columns-is-layout-4adc9cd0 wp-block-columns-is-layout-flex\">\n<div class=\"wp-block-column is-layout-flow wp-block-column-is-layout-flow\" style=\"flex-basis:100%\">\n<div class=\"wp-block-columns is-layout-flex wp-container-core-columns-is-layout-4adc9cd0 wp-block-columns-is-layout-flex\">\n<div class=\"wp-block-column is-layout-flow wp-block-column-is-layout-flow\">\n<div class=\"wp-block-tainacan-collections-list\" data-module=\"collections-list\"><ul style=\"grid-template-columns:repeat(auto-fill, 220px)\" class=\"collections-list  collections-layout-grid\"><li class=\"collection-list-item\" style=\"margin-bottom:12px\"><button type=\"button\" class=\"components-button has-icon\" aria-label=\"Remover\"><span class=\"dashicon dashicons dashicons-no-alt\"><\/span><\/button><a id=\"collection-id-6\" href=\"https:\/\/faete.net\/repositorio\/repositorio-pedagogia\/\" class=\" \"><img decoding=\"async\" src=\"https:\/\/faete.net\/repositorio\/wp-content\/uploads\/2025\/10\/pedagogiaasd-2.png\" alt=\"Reposit\u00f3rio Pedagogia\"\/><span>Reposit\u00f3rio Pedagogia<\/span><\/a><\/li><\/ul><\/div>\n<\/div>\n<\/div>\n<\/div>\n<\/div>\n\n<\/li><\/ul><\/div>\n\n\n\n<p class=\"wp-block-paragraph\"><\/p>\n","protected":false},"excerpt":{"rendered":"<p>Reposit\u00f3rio Institucional FAETE O Acervo Acad\u00eamico da FAETE foi criado com o prop\u00f3sito de preservar, organizar e disponibilizar a produ\u00e7\u00e3o intelectual da comunidade acad\u00eamica da institui\u00e7\u00e3o. Aqui, reunimos trabalhos de conclus\u00e3o de curso, artigos cient\u00edficos, projetos de pesquisa, materiais de apoio e outras produ\u00e7\u00f5es relevantes desenvolvidas por estudantes, docentes e pesquisadores. Nosso objetivo \u00e9 valorizar [&hellip;]<\/p>\n","protected":false},"author":1,"featured_media":0,"parent":0,"menu_order":0,"comment_status":"closed","ping_status":"closed","template":"","meta":{"_crdt_document":"","footnotes":""},"class_list":["post-68","page","type-page","status-publish","hentry"],"_links":{"self":[{"href":"https:\/\/faete.net\/repositorio\/wp-json\/wp\/v2\/pages\/68","targetHints":{"allow":["GET"]}}],"collection":[{"href":"https:\/\/faete.net\/repositorio\/wp-json\/wp\/v2\/pages"}],"about":[{"href":"https:\/\/faete.net\/repositorio\/wp-json\/wp\/v2\/types\/page"}],"author":[{"embeddable":true,"href":"https:\/\/faete.net\/repositorio\/wp-json\/wp\/v2\/users\/1"}],"replies":[{"embeddable":true,"href":"https:\/\/faete.net\/repositorio\/wp-json\/wp\/v2\/comments?post=68"}],"version-history":[{"count":7,"href":"https:\/\/faete.net\/repositorio\/wp-json\/wp\/v2\/pages\/68\/revisions"}],"predecessor-version":[{"id":78,"href":"https:\/\/faete.net\/repositorio\/wp-json\/wp\/v2\/pages\/68\/revisions\/78"}],"wp:attachment":[{"href":"https:\/\/faete.net\/repositorio\/wp-json\/wp\/v2\/media?parent=68"}],"curies":[{"name":"wp","href":"https:\/\/api.w.org\/{rel}","templated":true}]}}